{"id":45879,"date":"2025-10-15T17:14:04","date_gmt":"2025-10-15T15:14:04","guid":{"rendered":"https:\/\/mercia-academy.ch\/?post_type=courses&#038;p=45879"},"modified":"2025-10-15T16:14:07","modified_gmt":"2025-10-15T15:14:07","slug":"pratique-de-sciences-energetiques-module-1-2-avec-remy-migan-26-28-octobre-benin","status":"publish","type":"courses","link":"https:\/\/mercia-academy.ch\/en\/courses\/pratique-de-sciences-energetiques-module-1-2-avec-remy-migan-26-28-octobre-benin\/","title":{"rendered":"Pratique de Sciences \u00c9nerg\u00e9tiques &#8211; Module 1 &amp; 2 &#8211; avec R\u00e9my Migan &#8211; 26-28 octobre &#8211; B\u00e9nin"},"content":{"rendered":"","protected":false},"excerpt":{"rendered":"","protected":false},"author":22,"featured_media":43812,"template":"","course-category":[162,165,154],"course-tag":[],"class_list":["post-45879","courses","type-courses","status-publish","has-post-thumbnail","hentry","course-category-energetic-sciences","course-category-face-to-face-courses","course-category-french"],"_links":{"self":[{"href":"https:\/\/mercia-academy.ch\/en\/wp-json\/wp\/v2\/courses\/45879","targetHints":{"allow":["GET"]}}],"collection":[{"href":"https:\/\/mercia-academy.ch\/en\/wp-json\/wp\/v2\/courses"}],"about":[{"href":"https:\/\/mercia-academy.ch\/en\/wp-json\/wp\/v2\/types\/courses"}],"author":[{"embeddable":true,"href":"https:\/\/mercia-academy.ch\/en\/wp-json\/wp\/v2\/users\/22"}],"wp:featuredmedia":[{"embeddable":true,"href":"https:\/\/mercia-academy.ch\/en\/wp-json\/wp\/v2\/media\/43812"}],"wp:attachment":[{"href":"https:\/\/mercia-academy.ch\/en\/wp-json\/wp\/v2\/media?parent=45879"}],"wp:term":[{"taxonomy":"course-category","embeddable":true,"href":"https:\/\/mercia-academy.ch\/en\/wp-json\/wp\/v2\/course-category?post=45879"},{"taxonomy":"course-tag","embeddable":true,"href":"https:\/\/mercia-academy.ch\/en\/wp-json\/wp\/v2\/course-tag?post=45879"}],"curies":[{"name":"wp","href":"https:\/\/api.w.org\/{rel}","templated":true}]}}

Pratique de Sciences Énergétiques &#8211; Module 1 &amp; 2 &#8211; avec Rémy Migan &#8211; 26-28 octobre &#8211; Bénin
